10).
99
Let a(q) = q**3 + 20*q**2 + 128*q + 270. Give a(-10).
-10
Let q(i) = 1980*i + 106927. Determine q(-54).
7
Let c(l) = l**3 - 6*l**2 - 14. Determine c(6).
-14
Let x(d) = 421*d - 6719. Determine x(16).
17
Let t(x) = 13*x + 478. What is t(-38)?
-16
Let p(q) = -27*q**3 - q**2 - 3*q - 2. Determine p(-1).
27
Let t(n) = 5*n**2 + 169*n - 159. Determine t(-35).
51
Let r(q) = 26*q - 681. Calculate r(33).
177
Let g(l) = -4*l**3 - 130*l**2 - 182*l + 115. Calculate g(-31).
-9
Let v(z) = -2*z**2 + 37*z - 60. Give v(16).
20
Let f(w) = 1097*w - 10991. Give f(10).
-21
Let c(r) = 8*r**2 + 6*r + 9. Give c(-6).
261
Let c(a) = 63*a - 354. What is c(5)?
-39
Let l(p) = 8*p**3 - 9*p**2 - 41*p + 4. Give l(-3).
-170
Let a(z) = z + 15. Give a(56).
71
Let f(d) = 7*d - 15. Determine f(-7).
-64
Let f(a) = a**3 - 190*a**2 + 7582*a - 120. Calculate f(133).
13
Let u(p) = -738*p + 297. Determine u(1).
-441
Let i(k) = -k**3 - 82*k**2 - 68*k + 1072. Determine i(-81).
19
Let u(w) = 33*w + 6. Calculate u(1).
39
Let v(w) = -87*w + 629. Give v(7).
20
Let d(s) = -s**3 + 115*s**2 + 1122*s - 736. Determine d(124).
8
Let n(l) = l**3 - 85*l**2 + l - 77. What is n(85)?
8
Let x(l) = 24*l + 22. Determine x(-3).
-50
Let x(z) = -216*z + 32825. Determine x(152).
-7
Let g(i) = i**3 - 10*i**2 - 41*i + 188. What is g(3)?
2
Let b(d) = 2*d**3 - 18*d**2 + 5*d + 56. What is b(8)?
-32
Let d(k) = k**3 - 23*k**2 + 63*k - 29. Calculate d(20).
31
Let h(b) = -915*b + 5495. What is h(6)?
5
Let q(z) = -z**2 + 162*z - 942. Give q(6).
-6
Let y(h) = -h**3 - 3*h**2 + 11*h + 15. Give y(6).
-243
Let k(n) = 3*n**2 - 507*n + 2931. Calculate k(163).
-3
Let m(s) = s**2 + 29*s + 214. What is m(-20)?
34
Let q(x) = -445*x - 5336. Determine q(-12).
4
Let i(t) = -8*t + 198. Calculate i(29).
-34
Let g(j) = 358*j + 1445. What is g(-4)?
13
Let v(s) = -1769*s + 3539. Give v(2).
1
Let i(q) = -29*q**2 + 8*q + 9. Calculate i(-2).
-123
Let h(x) = -2*x**2 - 20*x + 3145. Determine h(35).
-5
Let a(l) = l**3 + 37*l**2 - 80*l + 17. Calculate a(-39).
95
Let m(d) = -148*d + 862. Calculate m(6).
-26
Let r(z) = 2*z**2 - 138*z + 872. What is r(7)?
4
Let g(v) = -v**2 - 214*v + 2958. Calculate g(13).
7
Let o(b) = -2*b**2 + 115*b + 69. Determine o(58).
11
Let v(c) = 141*c + 744. Give v(-6).
-102
Let k(x) = 7*x + 7. Determine k(30).
217
Let i(d) = -11*d - 198. Give i(-14).
-44
Let z(w) = w**3 + 15*w**2 + 40*w - 24. Calculate z(-13).
-206
Let c(y) = -997*y + 32906. Give c(33).
5
Let v(t) = -t**3 - 25*t**2 + t + 30. Determine v(-25).
5
Let s(j) = 365*j + 20081. What is s(-55)?
6
Let x(g) = -g - 11. What is x(-29)?
18
Let k(u) = -65*u - 1593. What is k(-25)?
32
Let u(n) = 2*n**3 + 10*n**2 + 2*n + 3. Calculate u(-7).
-207
Let u(k) = -2*k + 274. Calculate u(79).
116
Let u(x) = 3*x**2 - 33*x - 165. Give u(14).
-39
Let u(q) = -63*q + 207. Determine u(4).
-45
Let s(m) = m**2 + 62*m + 1109. Determine s(-48).
437
Let h(t) = -3*t**3 + 9*t**2 + 104*t - 308. What is h(3)?
4
Let k(d) = -6*d**2 + 25*d - 30. Give k(2).
-4
Let q(i) = 5*i**2 - 106*i - 26. Give q(22).
62
Let u(r) = 296*r - 4495. What is u(15)?
-55
Let d(t) = -21*t - 393. Determine d(-25).
132
Let u(d) = 26*d + 503. Give u(-25).
-147
Let b(n) = 1354*n - 8133. What is b(6)?
-9
Let x(h) = h**3 + 11*h**2 + 52*h + 174. Calculate x(-7).
6
Let r(o) = -128*o + 2532. Determine r(20).
-28
Let r(x) = x**3 - 10*x**2 + 19*x + 49. Give r(7).
35
Let f(h) = -3*h**2 - 60*h + 1881. Calculate f(17).
-6
Let u(h) = -719*h + 97800. What is u(136)?
16
Let i(o) = -o**3 + 9*o**2 + 840*o - 8274. Give i(10).
26
Let p(m) = 154*m - 3843. Give p(25).
7
Let i(g) = 15*g**2 - 23*g + 9. What is i(2)?
23
Let f(q) = 862*q + 24118. What is f(-28)?
-18
Let n(d) = d**2 - 82*d - 619. What is n(-7)?
4
Let v(g) = g**2 + 47*g + 521. Calculate v(-40).
241
Let u(d) = 607*d - 42488. Determine u(70).
2
Let u(k) = 20*k - 1067. Calculate u(53).
-7
Let h(l) = l**3 - 35*l**2 - 152*l + 1452. Determine h(38).
8
Let n(i) = 6*i - 15. What is n(8)?
33
Let w(s) = -179*s + 342. Determine w(2).
-16
Let t(g) = -g**2 + 39*g - 13. Give t(38).
25
Let k(x) = x**3 + 46*x**2 - 194*x + 307. What is k(-50)?
7
Let l(w) = -13414*w + 93910. Give l(7).
12
Let i(x) = 2*x**3 + 25*x**2 + 14. Determine i(-12).
158
Let w(j) = -j**3 - 52*j**2 + j + 3. Determine w(-52).
-49
Let l(h) = h**2 + 13370*h - 2. Give l(0).
-2
Let w(h) = -4519*h + 58745. Determine w(13).
-2
Let x(w) = -2*w**2 + 135*w - 985. Calculate x(58).
117
Let q(t) = 150*t + 9003. Give q(-60).
3
Let s(l) = -43*l - 1419. Determine s(-36).
129
Let t(s) = s**3 + 11*s**2 - 56*s + 57. Give t(-15).
-3
Let q(r) = -r**2 + 16*r - 48. Give q(7).
15
Let b(x) = -2*x**2 - 30*x + 79. Determine b(9).
-353
Let l(g) = 10*g**3 + 6*g**2 + g - 17. What is l(0)?
-17
Let j(s) = s**3 + 22*s**2 + 72*s - 7. Calculate j(-6).
137
Let b(w) = 2*w**2 - 436*w - 1782. Calculate b(-4).
-6
Let r(b) = -562*b + 1072. Give r(2).
-52
Let b(m) = 164*m - 12134. What is b(74)?
2
Let r(l) = -l**2 + 774*l + 2330. Determine r(-3).
-1
Let l(d) = d**2 - 16*d + 62. Calculate l(15).
47
Let o(v) = -v**3 - 91*v**2 - 505*v + 11. Give o(-6).
-19
Let z(y) = 2*y**2 + 241*y + 2995. Calculate z(-14).
13
Let z(i) = 2*i**2 + 7*i - 13. What is z(-11)?
152
Let c(z) = z**3 - 12*z**2 - 26*z + 113. Calculate c(12).
-199
Let y(w) = -2*w**2 + 31*w + 56. Determine y(17).
5
Let l(k) = k**3 - 53*k**2 + 672*k + 310. Determine l(31).
0
Let h(r) = -r**3 + 5*r**2 - 20*r + 17. Determine h(5).
-83
Let i(f) = f**2 - 62*f - 61. Calculate i(63).
2
Let q(c) = -c**3 + 8*c**2 + 56*c - 99. Calculate q(12).
-3
Let l(k) = -39*k + 141. Determine l(5).
-54
Let o(t) = -t**2 + 50*t - 491. What is o(15)?
34
Let w(r) = -r**3 + 19*r**2 - 65*r - 24. What is w(15)?
-99
Let g(w) = w**3 - 64*w**2 + 334*w + 3702. What is g(57)?
-3
Let s(q) = -61*q - 7468. Give s(-122).
-26
Let d(k) = k**2 + 211*k - 644. Give d(-214).
-2
Let t(j) = 372*j - 95237. What is t(256)?
-5
Let q(n) = -276*n + 1428. Give q(5).
48
Let y(a) = a**2 - 17*a - 385. Give y(-28).
875
Let s(x) = -4*x**2 - 849*x + 4119. Calculate s(-217).
-4
Let k(d) = 28*d**2 - 683*d + 296. Give k(24).
32
Let w(b) = 1979*b - 17806. Calculate w(9).
5
Let p(v) = 3*v**3 - 35*v**2 - 108*v + 71. Determine p(14).
-69
Let q(j) = 42*j + 65. Calculate q(0).
65
Let r(d) = 166*d + 1672. What is r(-10)?
12
Let v(l) = -510*l**3 - 7*l - 6. What is v(-1)?
511
Let o(z) = -11*z - 298. What is o(-35)?
87
Let c(z) = -2*z**2 - 128*z + 158. What is c(-65)?
28
Let w(s) = 2*s**3 - 47*s**2 - 42*s + 423. What is w(24)?
-9
Let i(d) = 243*d**2 - 80190*d + 1. What is i(330)?
1
Let l(c) = -c**3 - 17*c**2 + 103*c + 14. What is l(-22)?
168
Let u(a) = -1715*a + 1725. What is u(1)?
10
Let p(i) = 724*i - 118012. Calculate p(163).
0
Let m(x) = x**2 - 17*x - 21. Give m(12).
-81
Let k(b) = 3*b + 330. Determine k(-18).
276
Let s(y) = y**2 - 928*y - 6526. Give s(-7).
19
Let s(v) = -v**2 - 419*v + 72726. Give s(132).
-6
Let r(f) = -77*f + 1313. Calculate r(17).
4
Let j(l) = 2*l**2 - 18*l - 92. Give j(-4).
12
Let z(j) = -2*j - 7. Give z(0).
-7
Let b(g) = 1025*g - 21690. Give b(21).
-165
Let a(h) = -h**3 - 16*h**2 - 3*h - 37. Give a(-16).
11
Let s(y) = y**3 + 80*y**2 + 232*y - 49. Give s(-77).
-126
Let b(k) = 6*k**3 - 20*k**2 - 35*k + 21. Give b(-2).
-37
Let n(u) = 26*u - 48. Determine n(-1).
-74
Let s(h) = -h**3 - 40*h**2 + 4087*h - 39. Give s(47).
-133
Let d(p) = -95*p - 6358. Give d(-67).
7
Let z(o) = -359*o**2 + 18668*o + 13. Calculate z(52).
13
Let f(m) = -3668*m + 11024. Determine f(3).
20
Let w(v) = v**2 - 45*v + 410. Determine w(30).
-40
Let y(h) = h**3 - 6*h**2 - 147*h + 980. Calculate y(7).
0
Let b(u) = -u**2 + 4*u - 26. Determine b(-8).
-122
Let y(b) = 10*b**3 - 191*b**2 + 15*b + 100. Determine y(19).
24
Let h(b) = 5*b**3 + 5*b**2 + 7*b + 11. Determine h(-2).
-23
Let q(b) = 113*b - 891. Calculate q(8).
13
Let k(i) = i**2 + 6*i - 108. Calculate k(-13).
-17
Let f(r) = -r**3 - 9*r**2 + 33*r + 329. Calculate f(-7).
0
Let g(q) = 14*q**2 - 3*q - 3. Determine g(-4).
233
Let f(g) = 18*g + 511. Calculate f(-35).
-119
Let y(n) = n**2 - 25*n + 28. Calculate y(22).
-38
Let r(o) = o**3 + 6*o**2 + 6*o - 5. What is r(-4)?
3
Let p(d) = -11*d - 110. What is p(-20)?
110
Let l(c) = -2*c**2 - 27*c - 11. Determine l(-17).
-130
Let n(o) = o**2 - 100*o + 1367. Determine n(19).
-172
Let i(s) = 11*s